{"id":250,"date":"2021-06-19T16:52:21","date_gmt":"2021-06-19T16:52:21","guid":{"rendered":"http:\/\/italicuspanepasta.com.br\/?page_id=250"},"modified":"2022-04-09T14:32:16","modified_gmt":"2022-04-09T14:32:16","slug":"blog-2","status":"publish","type":"page","link":"https:\/\/italicuspanepasta.com.br\/index.php\/blog-2\/","title":{"rendered":"Blog"},"content":{"rendered":"\t\t<div data-elementor-type=\"wp-page\" data-elementor-id=\"250\" class=\"elementor elementor-250\">\n\t\t\t\t\t\t\t\t\t<section class=\"elementor-section elementor-top-section elementor-element elementor-element-fd8a553 elementor-section-full_width elementor-section-height-min-height elementor-section-height-default elementor-section-items-middle\" data-id=\"fd8a553\" data-element_type=\"section\" data-settings=\"{&quot;background_background&quot;:&quot;classic&quot;}\">\n\t\t\t\t\t\t\t<div class=\"elementor-background-overlay\"><\/div>\n\t\t\t\t\t\t\t<div class=\"elementor-container elementor-column-gap-default\">\n\t\t\t\t\t<div class=\"elementor-column elementor-col-100 elementor-top-column elementor-element elementor-element-ac2054d\" data-id=\"ac2054d\" data-element_type=\"column\">\n\t\t\t<div class=\"elementor-widget-wrap elementor-element-populated\">\n\t\t\t\t\t\t\t\t<div class=\"elementor-element elementor-element-7f4106d elementor-widget elementor-widget-heading\" data-id=\"7f4106d\" data-element_type=\"widget\" data-widget_type=\"heading.default\">\n\t\t\t\t<div class=\"elementor-widget-container\">\n\t\t\t<h1 class=\"elementor-heading-title elementor-size-default\">BLOG<\/h1>\t\t<\/div>\n\t\t\t\t<\/div>\n\t\t\t\t\t<\/div>\n\t\t<\/div>\n\t\t\t\t\t\t\t<\/div>\n\t\t<\/section>\n\t\t\t\t<section class=\"elementor-section elementor-top-section elementor-element elementor-element-4e5193ae elementor-section-boxed elementor-section-height-default elementor-section-height-default\" data-id=\"4e5193ae\" data-element_type=\"section\" data-settings=\"{&quot;background_background&quot;:&quot;classic&quot;}\">\n\t\t\t\t\t\t<div class=\"elementor-container elementor-column-gap-default\">\n\t\t\t\t\t<div class=\"elementor-column elementor-col-100 elementor-top-column elementor-element elementor-element-4770c374\" data-id=\"4770c374\" data-element_type=\"column\">\n\t\t\t<div class=\"elementor-widget-wrap elementor-element-populated\">\n\t\t\t\t\t\t\t\t<div class=\"elementor-element elementor-element-45173d38 elementor-widget elementor-widget-spacer\" data-id=\"45173d38\" data-element_type=\"widget\" data-widget_type=\"spacer.default\">\n\t\t\t\t<div class=\"elementor-widget-container\">\n\t\t\t\t\t<div class=\"elementor-spacer\">\n\t\t\t<div class=\"elementor-spacer-inner\"><\/div>\n\t\t<\/div>\n\t\t\t\t<\/div>\n\t\t\t\t<\/div>\n\t\t\t\t<div class=\"elementor-element elementor-element-9a1dd27 elementor-widget elementor-widget-spacer\" data-id=\"9a1dd27\" data-element_type=\"widget\" data-widget_type=\"spacer.default\">\n\t\t\t\t<div class=\"elementor-widget-container\">\n\t\t\t\t\t<div class=\"elementor-spacer\">\n\t\t\t<div class=\"elementor-spacer-inner\"><\/div>\n\t\t<\/div>\n\t\t\t\t<\/div>\n\t\t\t\t<\/div>\n\t\t\t\t<div class=\"elementor-element elementor-element-4d965e17 elementor-grid-3 elementor-grid-tablet-2 elementor-grid-mobile-1 elementor-posts--thumbnail-top elementor-posts--show-avatar elementor-card-shadow-yes elementor-posts__hover-gradient elementor-widget elementor-widget-posts\" data-id=\"4d965e17\" data-element_type=\"widget\" data-settings=\"{&quot;cards_columns&quot;:&quot;3&quot;,&quot;cards_columns_tablet&quot;:&quot;2&quot;,&quot;cards_columns_mobile&quot;:&quot;1&quot;,&quot;cards_row_gap&quot;:{&quot;unit&quot;:&quot;px&quot;,&quot;size&quot;:35,&quot;sizes&quot;:[]}}\" data-widget_type=\"posts.cards\">\n\t\t\t\t<div class=\"elementor-widget-container\">\n\t\t\t\t\t<div class=\"elementor-posts-container elementor-posts elementor-posts--skin-cards elementor-grid\">\n\t\t\t\t<article class=\"elementor-post elementor-grid-item post-820 post type-post status-publish format-standard has-post-thumbnail hentry category-blog\">\n\t\t\t<div class=\"elementor-post__card\">\n\t\t\t\t<a class=\"elementor-post__thumbnail__link\" href=\"https:\/\/italicuspanepasta.com.br\/index.php\/2022\/04\/05\/sorrentino-de-mucarela-de-bufala-com-massa-caseira\/\" >\n\t\t\t<div class=\"elementor-post__thumbnail\"><img width=\"300\" height=\"162\" src=\"https:\/\/italicuspanepasta.com.br\/wp-content\/uploads\/2022\/04\/sorrentinos-destaque-300x162.jpg\" class=\"attachment-medium size-medium\" alt=\"\" loading=\"lazy\" srcset=\"https:\/\/italicuspanepasta.com.br\/wp-content\/uploads\/2022\/04\/sorrentinos-destaque-300x162.jpg 300w, https:\/\/italicuspanepasta.com.br\/wp-content\/uploads\/2022\/04\/sorrentinos-destaque-768x416.jpg 768w, https:\/\/italicuspanepasta.com.br\/wp-content\/uploads\/2022\/04\/sorrentinos-destaque-600x325.jpg 600w, https:\/\/italicuspanepasta.com.br\/wp-content\/uploads\/2022\/04\/sorrentinos-destaque.jpg 968w\" sizes=\"(max-width: 300px) 100vw, 300px\" \/><\/div>\n\t\t<\/a>\n\t\t\t\t<div class=\"elementor-post__badge\">Blog<\/div>\n\t\t\t\t<div class=\"elementor-post__avatar\">\n\t\t\t<img alt='tj.oliveira' src='https:\/\/secure.gravatar.com\/avatar\/f4d1f3699ee0f50be436e45e37223cdf?s=128&#038;d=mm&#038;r=g' srcset='https:\/\/secure.gravatar.com\/avatar\/f4d1f3699ee0f50be436e45e37223cdf?s=256&#038;d=mm&#038;r=g 2x' class='avatar avatar-128 photo' height='128' width='128' loading='lazy'\/>\t\t<\/div>\n\t\t\t\t<div class=\"elementor-post__text\">\n\t\t\t\t<h3 class=\"elementor-post__title\">\n\t\t\t<a href=\"https:\/\/italicuspanepasta.com.br\/index.php\/2022\/04\/05\/sorrentino-de-mucarela-de-bufala-com-massa-caseira\/\" >\n\t\t\t\tSorrentino de Mu\u00e7arela de B\u00fafala com Massa Caseira\t\t\t<\/a>\n\t\t<\/h3>\n\t\t\t\t<div class=\"elementor-post__excerpt\">\n\t\t\t<p>Mas ainda falta muito pra voc\u00ea vir por aqui e bateu aquela vontade de provar um apetitoso prato de sorrentinos? N\u00e3o se desespere! A gente<\/p>\n\t\t<\/div>\n\t\t\t\t\t<a class=\"elementor-post__read-more\" href=\"https:\/\/italicuspanepasta.com.br\/index.php\/2022\/04\/05\/sorrentino-de-mucarela-de-bufala-com-massa-caseira\/\" >\n\t\t\t\tLeia Mais \u00bb\t\t\t<\/a>\n\t\t\t\t<\/div>\n\t\t\t\t<div class=\"elementor-post__meta-data\">\n\t\t\t\t\t<span class=\"elementor-post-date\">\n\t\t\t05\/04\/2022\t\t<\/span>\n\t\t\t\t<span class=\"elementor-post-avatar\">\n\t\t\tNenhum coment\u00e1rio\t\t<\/span>\n\t\t\t\t<\/div>\n\t\t\t\t\t<\/div>\n\t\t<\/article>\n\t\t\t\t<article class=\"elementor-post elementor-grid-item post-530 post type-post status-publish format-standard has-post-thumbnail hentry category-blog\">\n\t\t\t<div class=\"elementor-post__card\">\n\t\t\t\t<a class=\"elementor-post__thumbnail__link\" href=\"https:\/\/italicuspanepasta.com.br\/index.php\/2021\/07\/01\/quem-somos\/\" >\n\t\t\t<div class=\"elementor-post__thumbnail\"><img width=\"300\" height=\"300\" src=\"https:\/\/italicuspanepasta.com.br\/wp-content\/uploads\/2021\/06\/Home-Italicus-300x300.jpg\" class=\"attachment-medium size-medium\" alt=\"\" loading=\"lazy\" srcset=\"https:\/\/italicuspanepasta.com.br\/wp-content\/uploads\/2021\/06\/Home-Italicus-300x300.jpg 300w, https:\/\/italicuspanepasta.com.br\/wp-content\/uploads\/2021\/06\/Home-Italicus-100x100.jpg 100w, https:\/\/italicuspanepasta.com.br\/wp-content\/uploads\/2021\/06\/Home-Italicus-600x600.jpg 600w, https:\/\/italicuspanepasta.com.br\/wp-content\/uploads\/2021\/06\/Home-Italicus-1024x1024.jpg 1024w, https:\/\/italicuspanepasta.com.br\/wp-content\/uploads\/2021\/06\/Home-Italicus-150x150.jpg 150w, https:\/\/italicuspanepasta.com.br\/wp-content\/uploads\/2021\/06\/Home-Italicus-768x768.jpg 768w, https:\/\/italicuspanepasta.com.br\/wp-content\/uploads\/2021\/06\/Home-Italicus.jpg 1080w\" sizes=\"(max-width: 300px) 100vw, 300px\" \/><\/div>\n\t\t<\/a>\n\t\t\t\t<div class=\"elementor-post__badge\">Blog<\/div>\n\t\t\t\t<div class=\"elementor-post__avatar\">\n\t\t\t<img alt='tj.oliveira' src='https:\/\/secure.gravatar.com\/avatar\/f4d1f3699ee0f50be436e45e37223cdf?s=128&#038;d=mm&#038;r=g' srcset='https:\/\/secure.gravatar.com\/avatar\/f4d1f3699ee0f50be436e45e37223cdf?s=256&#038;d=mm&#038;r=g 2x' class='avatar avatar-128 photo' height='128' width='128' loading='lazy'\/>\t\t<\/div>\n\t\t\t\t<div class=\"elementor-post__text\">\n\t\t\t\t<h3 class=\"elementor-post__title\">\n\t\t\t<a href=\"https:\/\/italicuspanepasta.com.br\/index.php\/2021\/07\/01\/quem-somos\/\" >\n\t\t\t\tQuem Somos\t\t\t<\/a>\n\t\t<\/h3>\n\t\t\t\t<div class=\"elementor-post__excerpt\">\n\t\t\t<p>Em 2015, nasceu a Italicus Pane Pasta, com uma nova proposta para a regi\u00e3o: A fermenta\u00e7\u00e3o natural, com p\u00e3es especiais e massas frescas, feitos com<\/p>\n\t\t<\/div>\n\t\t\t\t\t<a class=\"elementor-post__read-more\" href=\"https:\/\/italicuspanepasta.com.br\/index.php\/2021\/07\/01\/quem-somos\/\" >\n\t\t\t\tLeia Mais \u00bb\t\t\t<\/a>\n\t\t\t\t<\/div>\n\t\t\t\t<div class=\"elementor-post__meta-data\">\n\t\t\t\t\t<span class=\"elementor-post-date\">\n\t\t\t01\/07\/2021\t\t<\/span>\n\t\t\t\t<span class=\"elementor-post-avatar\">\n\t\t\tNenhum coment\u00e1rio\t\t<\/span>\n\t\t\t\t<\/div>\n\t\t\t\t\t<\/div>\n\t\t<\/article>\n\t\t\t\t<\/div>\n\t\t\t\t<\/div>\n\t\t\t\t<\/div>\n\t\t\t\t<div class=\"elementor-element elementor-element-1b7a2ded elementor-widget elementor-widget-spacer\" data-id=\"1b7a2ded\" data-element_type=\"widget\" data-widget_type=\"spacer.default\">\n\t\t\t\t<div class=\"elementor-widget-container\">\n\t\t\t\t\t<div class=\"elementor-spacer\">\n\t\t\t<div class=\"elementor-spacer-inner\"><\/div>\n\t\t<\/div>\n\t\t\t\t<\/div>\n\t\t\t\t<\/div>\n\t\t\t\t\t<\/div>\n\t\t<\/div>\n\t\t\t\t\t\t\t<\/div>\n\t\t<\/section>\n\t\t\t\t\t\t\t<\/div>\n\t\t","protected":false},"excerpt":{"rendered":"<p>BLOG<\/p>\n","protected":false},"author":1,"featured_media":0,"parent":0,"menu_order":0,"comment_status":"closed","ping_status":"closed","template":"","meta":{"om_disable_all_campaigns":false,"_monsterinsights_skip_tracking":false,"_monsterinsights_sitenote_active":false,"_monsterinsights_sitenote_note":"","_monsterinsights_sitenote_category":0},"aioseo_notices":[],"_links":{"self":[{"href":"https:\/\/italicuspanepasta.com.br\/index.php\/wp-json\/wp\/v2\/pages\/250"}],"collection":[{"href":"https:\/\/italicuspanepasta.com.br\/index.php\/wp-json\/wp\/v2\/pages"}],"about":[{"href":"https:\/\/italicuspanepasta.com.br\/index.php\/wp-json\/wp\/v2\/types\/page"}],"author":[{"embeddable":true,"href":"https:\/\/italicuspanepasta.com.br\/index.php\/wp-json\/wp\/v2\/users\/1"}],"replies":[{"embeddable":true,"href":"https:\/\/italicuspanepasta.com.br\/index.php\/wp-json\/wp\/v2\/comments?post=250"}],"version-history":[{"count":13,"href":"https:\/\/italicuspanepasta.com.br\/index.php\/wp-json\/wp\/v2\/pages\/250\/revisions"}],"predecessor-version":[{"id":860,"href":"https:\/\/italicuspanepasta.com.br\/index.php\/wp-json\/wp\/v2\/pages\/250\/revisions\/860"}],"wp:attachment":[{"href":"https:\/\/italicuspanepasta.com.br\/index.php\/wp-json\/wp\/v2\/media?parent=250"}],"curies":[{"name":"wp","href":"https:\/\/api.w.org\/{rel}","templated":true}]}}